 289*u. What is the remainder when 192 is divided by u?
0
Let l(g) = -g**3 - 4*g**2 + 9*g. Let i be l(-6). Suppose -15932 = -10*j - i*j. Calculate the remainder when j is divided by 10.
9
Let t(v) = -34*v + 13*v + 7*v - 43. Suppose 462 - 12 = 5*f. Calculate the remainder when f is divided by t(-4).
12
Let i = 37017 - 36866. Calculate the remainder when 3316 is divided by i.
145
Let z(m) = 5*m**2 + 16*m - 6. What is the remainder when 55 is divided by z(-5)?
16
Suppose 412*l - 4614 + 414 = 372*l. Let f(q) = q**3 - q**2 + 3*q - 1. What is the remainder when l is divided by f(2)?
6
Let p(d) = -d - 23. Let z be p(12). Let j be (-620)/z - (-4)/14. Suppose 5*x - j = -3. Calculate the remainder when 5 is divided by x.
2
Let d(k) = 8*k**3 - 6*k**2 + 5*k + 11. What is the remainder when d(3) is divided by 10/(-3)*(-384)/20?
60
Let n = 1552 - 1549. Let p = 11 + -6. Suppose 0 = n*q + 4*u - 67, 4*q + p*u = 86 + 2. What is the remainder when 48 is divided by q?
14
Suppose 0 = -4*d + 5*c + 1703, d - 30*c + 31*c - 437 = 0. What is the remainder when d is divided by 95?
52
Let h(t) = 13*t + 54. Let c be h(-4). Suppose -141 = c*m - 451. Suppose 5*w = 183 + 12. Calculate the remainder when m is divided by w.
38
Let t be (80/(-140))/(2/(-14)). Let h = 13 - t. Suppose h*a - 10*a + 13 = 0. What is the remainder when 22 is divided by a?
9
Suppose -30*m = -32*m + 2. Let l be (-4 + 2 - m) + 3. Let r = l - -17. What is the remainder when r is divided by 10?
7
Suppose 0*q = -5*q + 35. Suppose o + 0*o = q. Let a = -3183 + 3204. What is the remainder when a is divided by o?
0
Suppose 0 = -488*m + 489*m - 153. Let q = m - 131. Calculate the remainder when 185 is divided by q.
9
Let f(z) = 105*z + 832. Calculate the remainder when f(-5) is divided by 107.
93
Suppose 58*k + 59*k - 107*k = 17630. What is the remainder when k is divided by 223?
202
Let h(t) = t**2 + 4*t + 2. Let m = -248 - -250. Suppose -m*s + 28 = 4*f, 0 = 5*s - 3*f - 17 - 40. What is the remainder when s is divided by h(-5)?
5
Suppose -35531 + 25631 = -36*z + 42192. Calculate the remainder when z is divided by 113.
91
Let j be (-13)/26*(-48 - 8/(-4)). What is the remainder when (74/(-4))/((-1)/2) is divided by (j/(-2) + 9)*-2?
2
Suppose 743 = -a + 5*s - 1023, 2*s = -10. Calculate the remainder when a/(-36) - (-6)/(-8) is divided by 11.
5
Let x(j) = -7*j**3 + 3*j + 2. Calculate the remainder when ((12320/20)/(-22))/(6/(-111)) is divided by x(-2).
50
Suppose 29*n + 65 = 34*n. Let x = n + -31. Let f = -6 - x. What is the remainder when 59 is divided by f?
11
Let c = -7949 + 8147. Calculate the remainder when 795 is divided by c.
3
Let h(i) = 2*i**3 + 111*i**2 + 161*i - 36. Let v(s) = 4*s**3 - 3*s**2 - 6*s + 4. What is the remainder when v(4) is divided by h(-54)?
8
Suppose -1484 = -29*g + 950 - 375. What is the remainder when g is divided by 56?
15
Let m(k) = 3*k**2 + 7*k - 24. Let y(w) = -2*w**2 - 3*w + 12. Let x(a) = -3*m(a) - 5*y(a). Let u = 30 + -25. Calculate the remainder when x(6) is divided by u.
2
Let g(f) = -f**3 - 4*f**2 - 119*f - 244. What is the remainder when g(-7) is divided by 123?
121
Suppose 6*t + 36*t = 74172. What is the remainder when t is divided by 587?
5
Let d(y) = -69*y + 1. Let j be 3/(-2)*(-4 - (-70)/15). Calculate the remainder when d(j) is divided by 24.
22
Let l be 2/((-50)/(-11255)) + 1/(-5). Suppose -4*d - l = d. Let w = d - -114. Calculate the remainder when 38 is divided by w.
14
Suppose -5*m + 688 = 3*j + 614, 3*j + 56 = 5*m. Suppose -5*g = -f - 2*f - 13, f = -4*g + 7. Calculate the remainder when m is divided by (1 - 9)/(f - 0).
5
What is the remainder when 1071 is divided by -24 + (-414)/(-18) + 354 + 0/(-1)?
12
Let a = 180 - 176. Suppose 3*v + 354 = 3*s + 6*v, -448 = -4*s + a*v. What is the remainder when s is divided by 29?
28
Let o = -411 - -425. Let j(t) = 22*t - 237. What is the remainder when j(o) is divided by 21?
8
Let j = 94 + -63. Suppose 0 = -6*m - 39 - 117. Let z = m - -178. Calculate the remainder when z is divided by j.
28
Let q(g) = -23*g + 18. What is the remainder when q(-8) is divided by (-3)/(1428/161 + -2 - 7)?
18
Suppose -24*p + 1202 = -1582. Suppose -3*l - 138 = -3*v, 4*l - p = -4*v + 2*v. Calculate the remainder when v is divided by 11.
6
Suppose 2018 = 5*o - s, -381*o - s + 406 = -380*o. What is the remainder when o is divided by 110?
74
Let z = -15618 + 15663. Calculate the remainder when 14084 is divided by z.
44
Suppose -21*q + 139 - 454 = 0. Let b(k) = k**2 + 21*k + 196. Calculate the remainder when b(q) is divided by 9.
7
Let u(x) = -27*x**2 - 174*x - 10. Calculate the remainder when u(-6) is divided by 34.
28
Let c(d) be the second derivative of -d**5/20 + 5*d**4/12 + d**3 + 26*d. Let a be c(6). Let l = a - -5. What is the remainder when 54 is divided by l?
4
Let f be 1 - (-32 - 2 - 5). Suppose -f = -28*p + 26*p. What is the remainder when 76 is divided by p?
16
Let u = -137 - -192. Let x(f) = 1035*f + 2155. Calculate the remainder when x(-2) is divided by u.
30
Suppose -203*p + 10001 = 1678. Suppose -34 = 5*h + 2*v, 0 = 4*h - 2*v + 14 + 6. Calculate the remainder when p is divided by (-70)/h - 4/6.
8
Suppose 78*d = 81*d + 5*c - 81, -5*c = -2*d + 79. What is the remainder when 6398 is divided by d?
30
Let k = 2717 - 2595. What is the remainder when 368 is divided by k?
2
Suppose -27*k = 3*k - 18440 - 18970. What is the remainder when k is divided by 26?
25
Suppose 135 - 261 = -s. Suppose 61 = 11*q - s. Calculate the remainder when 94 is divided by q.
9
Let j be -3*4*(-2)/12. Suppose -j*l = -4*l + 76. Suppose 5*b - 180 = -5*s, -3*b + l = -0*s + s. Calculate the remainder when s is divided by 19.
16
Suppose 1007 - 11045 = -64*d + 4426. Calculate the remainder when d is divided by 26.
18
Suppose 112 = 4*r - 21*x + 17*x, -5*r + 108 = -x. Let q = 3 + 5. Calculate the remainder when r is divided by q.
4
Let p(a) = -a**3 - 10*a**2 - 5*a - 11. Let y be -20*((-1)/(-2))/(-8 - -9). What is the remainder when 112 is divided by p(y)?
34
Suppose -55*t + 5504 = 9*t + 22*t. What is the remainder when 310 is divided by t?
54
Suppose -b + 100 = 59. What is the remainder when 183 is divided by -2 + b - (1 - 0)?
31
Let n(q) = -q**2 + 10*q - 6. Suppose 4*x - 9 = -5. What is the remainder when x/((4/80)/(54/15)) is divided by n(7)?
12
Let h be -4 + (-3 - 0) + 7 + 3. Suppose 2*u - 6*d - 433 = -11*d, 4*u - 873 = -h*d. Calculate the remainder when u is divided by 56.
51
Let v(z) = 12*z**2 + 281*z - 48. What is the remainder when 712 is divided by v(-24)?
112
Let y be (-3)/5 - 21/(-35). Suppose -5*d = 3*a - 141, -a - 4*a + 3*d + 269 = y. Let n(k) = k**2 + k + 3. What is the remainder when a is divided by n(-3)?
7
Suppose 12*p - 103346 = 3*p - 103166. Let l(w) = w**3 - 2*w**2 - w + 2. What is the remainder when l(5) is divided by p?
12
What is the remainder when (-8*114/608)/((-6)/1112) is divided by 133?
12
Let b(l) = -95*l**3 + l**2 - 3*l - 3. Calculate the remainder when 670 is divided by b(-1).
94
Let r(t) = 3*t**3 - 9*t - 6. Let f be r(-2). Let m(o) = -o**2 - 8*o + 108. Calculate the remainder when m(f) is divided by 8.
4
Let f(j) be the third derivative of j**5/60 - 13*j**4/24 + 21*j**3/2 + 58*j**2. What is the remainder when 43 is divided by f(4)?
16
Let k = -244 - -313. Let p be 0 + -3 + -1 - 68. What is the remainder when k is divided by (p/(-20) + 0)*5?
15
Suppose 0 = 4*p - 3*n - 451, 0 = 4*p + 263*n - 262*n - 431. Calculate the remainder when 386 is divided by p.
59
Suppose 5*x - 51 = 4. Suppose -r = -13*n + 11*n + 79, -5*n - 2*r = -175. What is the remainder when n is divided by x?
4
What is the remainder when 1586 is divided by 172 + -16 + (2 - -1)?
155
Suppose 0 = 48*r - 7459 + 2851. Let f(p) = p**3 + p**2 - 2*p - 5. What is the remainder when r is divided by f(3)?
21
Suppose -4*g - 3*l + 186 = 0, 2*g + 19*l - 104 = 23*l. Calculate the remainder when 74 is divided by g.
26
Let m be ((-15)/10)/(9/(-12)). Suppose m*j = 340 + 84. Suppose z + 5*i - 53 = 0, -z + 82 = z - 2*i. What is the remainder when j is divided by z?
40
What is the remainder when ((-4296)/30 + 3*(-16)/60)*-1 is divided by 102?
42
Suppose 0 = 3*j + 3*j - 4*j - 54. Let l = 59 + -50. What is the remainder when j is divided by l?
0
Suppose -117*l + 108095 = -39793. What is the remainder whe